 hundreds digit of 1093?
0
What is the units digit of 421?
1
What is the tens digit of 1089?
8
What is the ten thousands digit of 20301?
2
What is the units digit of 5968?
8
What is the units digit of 926?
6
What is the thousands digit of 1576?
1
What is the ten thousands digit of 37789?
3
What is the hundreds digit of 105?
1
What is the units digit of 431?
1
What is the tens digit of 1580?
8
What is the units digit of 858?
8
What is the tens digit of 8390?
9
What is the thousands digit of 13204?
3
What is the hundreds digit of 114310?
3
What is the tens digit of 9332?
3
What is the units digit of 16?
6
What is the ten thousands digit of 135054?
3
What is the hundreds digit of 711?
7
What is the thousands digit of 1774?
1
What is the hundreds digit of 885?
8
What is the tens digit of 1728?
2
What is the hundreds digit of 5085?
0
What is the thousands digit of 11434?
1
What is the thousands digit of 5775?
5
What is the units digit of 6135?
5
What is the units digit of 10830?
0
What is the tens digit of 3063?
6
What is the units digit of 1722?
2
What is the hundreds digit of 5876?
8
What is the units digit of 1985?
5
What is the ten thousands digit of 17621?
1
What is the tens digit of 802?
0
What is the units digit of 22473?
3
What is the ten thousands digit of 27207?
2
What is the thousands digit of 1620?
1
What is the hundreds digit of 228?
2
What is the units digit of 767?
7
What is the thousands digit of 2829?
2
What is the units digit of 14974?
4
What is the units digit of 785?
5
What is the hundred thousands digit of 119857?
1
What is the hundreds digit of 47354?
3
What is the hundred thousands digit of 106953?
1
What is the units digit of 6823?
3
What is the tens digit of 1706?
0
What is the thousands digit of 19608?
9
What is the units digit of 6798?
8
What is the tens digit of 1822?
2
What is the thousands digit of 1347?
1
What is the units digit of 696?
6
What is the tens digit of 8143?
4
What is the tens digit of 22063?
6
What is the tens digit of 1367?
6
What is the ten thousands digit of 22513?
2
What is the tens digit of 1809?
0
What is the thousands digit of 26756?
6
What is the tens digit of 577?
7
What is the hundreds digit of 11208?
2
What is the units digit of 186?
6
What is the tens digit of 1844?
4
What is the tens digit of 1027?
2
What is the tens digit of 9631?
3
What is the thousands digit of 10416?
0
What is the ten thousands digit of 111622?
1
What is the hundreds digit of 35118?
1
What is the tens digit of 289?
8
What is the thousands digit of 1213?
1
What is the hundreds digit of 732?
7
What is the thousands digit of 200461?
0
What is the tens digit of 900?
0
What is the tens digit of 63014?
1
What is the units digit of 414?
4
What is the hundreds digit of 1580?
5
What is the hundreds digit of 15615?
6
What is the ten thousands digit of 27563?
2
What is the units digit of 5314?
4
What is the tens digit of 5290?
9
What is the tens digit of 67081?
8
What is the tens digit of 911?
1
What is the hundreds digit of 4551?
5
What is the units digit of 19813?
3
What is the thousands digit of 3908?
3
What is the tens digit of 11?
1
What is the thousands digit of 114351?
4
What is the thousands digit of 15743?
5
What is the hundreds digit of 1862?
8
What is the units digit of 6415?
5
What is the tens digit of 88992?
9
What is the hundreds digit of 415?
4
What is the ten thousands digit of 108710?
0
What is the tens digit of 52918?
1
What is the hundreds digit of 1412?
4
What is the tens digit of 1158?
5
What is the hundreds digit of 6840?
8
What is the units digit of 21663?
3
What is the ten thousands digit of 18981?
1
What is the tens digit of 226?
2
What is the units digit of 8961?
1
What is the ten thousands digit of 23514?
2
What is the tens digit of 3238?
3
What is the units digit of 1726?
6
What is the units digit of 13451?
1
What is the tens digit of 255?
5
What is the ten thousands digit of 119278?
1
What is the ten thousands digit of 25690?
2
What is the units digit of 49045?
5
What is the units digit of 38178?
8
What is the hundreds digit of 11398?
3
What is the thousands digit of 7297?
7
What is the tens digit of 82?
8
What is the hundreds digit of 20620?
6
What is the ten thousands digit of 39405?
3
What is the units digit of 21834?
4
What is the units digit of 3086?
6
What is the units digit of 58979?
9
What is the units digit of 8920?
0
What is the units digit of 812?
2
What is the thousands digit of 12234?
2
What is the tens digit of 2024?
2
What is the tens digit of 72117?
1
What is the units digit of 309?
9
What is the units digit of 32989?
9
What is the tens digit of 77623?
2
What is the hundreds digit of 169?
1
What is the tens digit of 909?
0
What is the units digit of 26362?
2
What is the tens digit of 15992?
9
What is the hundreds digit of 7496?
4
What is the hundreds digit of 20213?
2
What is the units digit of 7770?
0
What is the tens digit of 8267?
6
What is the hundred thousands digit of 203240?
2
What is the tens digit of 9326?
2
What is the hundreds digit of 2044?
0
What is the hundreds digit of 125550?
5
What is the thousands digit of 4355?
4
What is the units digit of 49670?
0
What is the tens digit of 1289?
8
What is the units digit of 1202?
2
What is the hundred thousands digit of 134580?
1
What is the tens digit of 1107?
0
What is the tens digit of 253?
5
What is the tens digit of 1438?
3
What is the thousands digit of 7121?
7
What is the units digit of 671?
1
What is the tens digit of 7933?
3
What is the units digit of 4996?
6
What is the units digit of 1210?
0
What is the tens digit of 1704?
0
What is the hundreds digit of 51444?
4
What is the ten thousands digit of 17267?
1
What is the tens digit of 730?
3
What is the hundreds digit of 10666?
6
What is the units digit of 7?
7
What is the thousands digit of 4247?
4
What is the tens digit of 50213?
1
What is the hundreds digit of 6265?
2
What is the thousands digit of 32557?
2
What is the tens digit of 1347?
4
What is the thousands digit of 2379?
2
What is the thousands digit of 2913?
2
What is the thousands digit of 9916?
9
What is the hundreds digit of 48054?
0
What is the ten thousands digit of 12891?
1
What is the tens digit of 238?
3
What is the units digit of 555?
5
What is the units digit of 443?
3
What is the tens digit of 36108?
0
What is the tens digit of 132906?
0
What is the hundreds digit of 13790?
7
What is the units digit of 12679?
9
What is the units digit of 4916?
6
What is the units digit of 926?
6
What is the units digit of 21087?
7
What is the units digit of 13340?
0
What is the hundreds digit of 55133?
1
What is the units digit of 68072?
2
What is the ten thousands digit of 117714?
1
What is the thousands digit of 1778?
1
What is the units digit of 4087?
7
What is the hundreds digit of 63567?
5
What is the tens digit of 1458?
5
What is the hundreds digit of 7087?
0
What is the units digit of 74544?
4
What is the hundreds digit of 1286?
2
What is the units digit of 305?
5
What is the tens digit of 217?
1
What is the hundreds digit of 4600?
6
What is the units digit of 13132?
2
What is the units digit of 6526?
6
What is the units digit of 1528?
8
What is the tens digit of 4352?
5
What is the units digit of 357?
7
What is the thousands digit of 27709?
7
What is the hundreds digit of 3106?
1
What is the units digit of 7714?
4
What is the ten thousands digit of 13935?
1
What is the ten thousands digit of 11677?
1
What is the ten thousands digit of 21981?
2
What is the ten thousands digit of 68782?
6
What is the units digit of 1470?
0
What is the units digit of 2705?
5
What is the tens digit of 17583?
8
What is the hundreds digit of 25482?
4
What is the thousands digit of 1602?
1
What is the thousands digit of 7205?
7
What is the units digit of 19442?
2
What is the tens digit of 3829?
2
What is the ten thousands digit of 18010?
1
What is the units digit of 44492?
2
What is the units digit of 124689?
9
What is the thousands digit of 44590?
4
What is the hundreds digit of 2183?
1
What is the tens digit of 9426?
2
What is the hundreds digit of 88634?
6
What is the tens digit of 1623?
2
What is the units digit of 52313?
3
What is the hundreds digit of 36784?
7
What is the hundreds digit of 4460?
4
What is the units digit of 2941